atest common factor of 12 and 90564?
12
Calculate the highest common factor of 9987 and 3.
3
Calculate the greatest common factor of 132 and 6182.
22
What is the highest common divisor of 55 and 4345?
55
What is the greatest common divisor of 16 and 27792?
16
Calculate the highest common divisor of 1125 and 3250.
125
Calculate the greatest common factor of 443 and 66893.
443
Calculate the highest common divisor of 3303 and 45.
9
What is the greatest common factor of 6 and 468?
6
What is the highest common divisor of 480 and 560?
80
What is the greatest common divisor of 200 and 5900?
100
Calculate the highest common divisor of 87 and 8787.
87
What is the highest common factor of 504 and 56?
56
Calculate the highest common factor of 75 and 15.
15
What is the greatest common divisor of 28320 and 80?
80
What is the highest common factor of 10 and 34?
2
What is the highest common divisor of 82 and 369?
41
What is the highest common divisor of 196 and 1078?
98
Calculate the highest common divisor of 6 and 16782.
6
Calculate the greatest common factor of 42 and 189.
21
What is the greatest common factor of 9 and 2133?
9
Calculate the greatest common divisor of 10 and 245.
5
Calculate the greatest common divisor of 335 and 15.
5
Calculate the greatest common factor of 4876 and 368.
92
Calculate the greatest common divisor of 1458 and 324.
162
Calculate the greatest common divisor of 369 and 82.
41
What is the greatest common divisor of 68 and 17?
17
What is the greatest common factor of 85 and 1139?
17
What is the highest common divisor of 325 and 25?
25
Calculate the highest common divisor of 112 and 392.
56
What is the highest common factor of 65 and 2171?
13
What is the greatest common divisor of 5668 and 52?
52
Calculate the greatest common factor of 192 and 3984.
48
Calculate the highest common factor of 93 and 2294.
31
What is the greatest common factor of 216 and 378?
54
Calculate the greatest common divisor of 710 and 284.
142
What is the highest common divisor of 90 and 99?
9
What is the highest common factor of 1086 and 12?
6
What is the greatest common factor of 54 and 1026?
54
Calculate the greatest common factor of 46 and 1679.
23
What is the highest common factor of 1401 and 3?
3
Calculate the greatest common factor of 1161 and 172.
43
Calculate the greatest common divisor of 119 and 34.
17
What is the greatest common divisor of 132 and 1012?
44
What is the greatest common divisor of 11263 and 7?
7
Calculate the greatest common divisor of 112 and 176.
16
Calculate the greatest common divisor of 3872 and 77.
11
Calculate the greatest common divisor of 2704 and 80.
16
Calculate the highest common divisor of 960 and 12.
12
Calculate the greatest common divisor of 568 and 8.
8
What is the greatest common divisor of 9 and 31?
1
What is the highest common factor of 18 and 99?
9
What is the highest common factor of 459 and 119?
17
What is the greatest common divisor of 23772 and 7?
7
What is the greatest common factor of 1800 and 590?
10
What is the highest common factor of 377 and 13?
13
What is the highest common divisor of 3126 and 6?
6
Calculate the highest common factor of 29 and 17632.
29
What is the highest common factor of 22 and 23441?
11
Calculate the greatest common factor of 2881 and 86.
43
Calculate the highest common factor of 16123 and 23.
23
Calculate the greatest common divisor of 1 and 10223.
1
What is the greatest common divisor of 8 and 37?
1
Calculate the greatest common divisor of 11 and 187.
11
Calculate the highest common divisor of 48 and 608.
16
What is the greatest common divisor of 105 and 525?
105
Calculate the highest common divisor of 855 and 6365.
95
What is the greatest common divisor of 512 and 112?
16
Calculate the greatest common divisor of 36814 and 158.
158
What is the greatest common factor of 18 and 93?
3
What is the highest common divisor of 810 and 10?
10
What is the highest common divisor of 3 and 34476?
3
Calculate the greatest common factor of 51 and 6171.
51
Calculate the highest common factor of 360 and 1128.
24
Calculate the highest common factor of 776 and 8.
8
Calculate the greatest common divisor of 22339 and 267.
89
Calculate the highest common factor of 2809 and 1431.
53
Calculate the highest common factor of 285 and 645.
15
What is the greatest common divisor of 5 and 20?
5
Calculate the highest common divisor of 6 and 423.
3
What is the highest common factor of 18 and 12?
6
What is the highest common divisor of 261 and 2291?
29
What is the highest common divisor of 8 and 116?
4
What is the greatest common factor of 2812 and 19?
19
What is the greatest common factor of 24 and 30?
6
What is the greatest common factor of 20817 and 81?
81
Calculate the greatest common divisor of 82 and 1435.
41
Calculate the highest common factor of 6213 and 152.
19
What is the highest common divisor of 278 and 25020?
278
Calculate the greatest common factor of 18 and 1458.
18
Calculate the greatest common factor of 21 and 28.
7
What is the highest common factor of 1295 and 70?
35
Calculate the greatest common divisor of 81 and 1.
1
What is the highest common factor of 1635 and 135?
15
What is the highest common divisor of 6028 and 137?
137
Calculate the greatest common divisor of 676 and 2535.
169
What is the greatest common factor of 164 and 287?
41
What is the greatest common factor of 112330 and 235?
235
What is the greatest common factor of 95 and 15?
5
Calculate the highest common factor of 280 and 320.
40
Calculate the highest common factor of 34 and 1411.
17
What is the greatest common divisor of 42 and 35?
7
What is the highest common factor of 8 and 296?
8
Calculate the highest common factor of 495 and 1353.
33
Calculate the greatest common divisor of 448 and 144.
16
Calculate the greatest common factor of 90 and 45.
45
What is the greatest common factor of 24 and 88?
8
What is the greatest common factor of 97 and 1261?
97
Calculate the greatest common divisor of 285 and 133.
19
What is the greatest common factor of 1068 and 124?
4
What is the greatest common factor of 248 and 48?
8
What is the greatest common factor of 594 and 22?
22
Calculate the highest common factor of 462 and 99.
33
What is the greatest common divisor of 1932 and 5520?
276
Calculate the highest common factor of 4 and 98.
2
Calculate the highest common factor of 7148 and 8.
4
Calculate the highest common factor of 836 and 484.
44
Calculate the highest common factor of 755 and 302.
151
What is the highest common divisor of 405 and 5?
5
What is the highest common divisor of 99 and 14619?
33
What is the greatest common factor of 46 and 45954?
46
Calculate the highest common factor of 8302 and 14.
14
What is the greatest common divisor of 15544 and 8?
8
Calculate the highest common divisor of 540 and 40.
20
Calculate the highest common divisor of 3172 and 156.
52
What is the highest common divisor of 33831 and 945?
189
What is the highest common divisor of 15806 and 35?
7
Calculate the highest common divisor of 28 and 20.
4
Calculate the highest common factor of 13 and 221.
13
What is the greatest common factor of 5532 and 12?
12
Calculate the highest common factor of 115 and 23.
23
What is the greatest common divisor of 68 and 20?
4
Calculate the highest common divisor of 456 and 120.
24
What is the greatest common factor of 200 and 15680?
40
What is the highest common divisor of 65 and 13?
13
What is the greatest common divisor of 957 and 87?
87
What is the greatest common factor of 40 and 1610?
10
Calculate the highest common factor of 318 and 12.
6
What is the highest common divisor of 1984 and 837?
31
Calculate the highest common factor of 2656 and 32.
32
What is the highest common factor of 10 and 195?
5
Calculate the greatest common factor of 105 and 420.
105
What is the highest common divisor of 81 and 162?
81
Calculate the greatest common divisor of 5350 and 50.
50
Calculate the greatest common divisor of 45934 and 17.
17
Calculate the greatest common factor of 62 and 1333.
31
Calculate the highest common divisor of 20 and 460.
20
What is the greatest common factor of 5474 and 17?
17
Calculate the greatest common divisor of 841 and 58.
29
Calculate the highest common factor of 84553 and 329.
329
Calculate the greatest c